 is the units digit of n?
3
Let d(w) be the third derivative of -w**5/60 - w**4/2 + 13*w**3/6 + 6*w**2. What is the units digit of d(-10)?
3
Suppose -3*z + 18 = -2*z. What is the units digit of z?
8
Let p = -3 - -3. Suppose -4*m + 4*y - 4 = p, -24 = 4*m + 5*y + 7. What is the units digit of 258/30 + m/(-10)?
9
Let o be 1 + (-12)/4 + 5. Suppose 0 = -2*f - 5*n + 19, -6*n + 31 = 4*f - o*n. What is the units digit of f?
7
Let f be (4 - 1) + 12 - 3. Suppose 0*j = 2*j - 6. Suppose j = -3*i + f. What is the units digit of i?
3
What is the tens digit of 23 - (2 + 0)*-1?
2
Let v(n) = -n**2 - 4*n - 6. Let l be v(-5). Let c(j) = 3*j + 6. Let o be c(-4). Let k = o - l. What is the units digit of k?
5
Let i(w) = -4*w - 1. Let h be i(-1). Suppose 3*s - 3*j = -2*j + 11, h*s = -4*j + 31. Suppose 0*b + 15 = s*b. What is the units digit of b?
3
Let k(x) = 9*x**2 - 5*x + 4. Let t(c) = -5*c**2 + 3*c - 2. Let i(j) = -6*k(j) - 11*t(j). Let b be i(4). What is the units digit of (-1 + 46/b)/2?
1
Suppose -4*i = -9 - 11. Let b = 9 + i. What is the units digit of (-33)/(-7) + 4/b?
5
Suppose 0*n - 8 = -2*n. Suppose -6*j - 5 = -j. What is the units digit of (-4 - j)*n/(-6)?
2
Let g = -20 + 9. Let w(q) = -q + 10. What is the units digit of w(g)?
1
Suppose -2*a - a = -6. Suppose 5*m - 12 = a*m. What is the units digit of m?
4
Let o(d) = -10*d + 14. What is the hundreds digit of o(-11)?
1
Suppose 0 = 2*c + 3*m + 16, -5*m - 21 = -c - 3. What is the units digit of (-1)/(-2)*c + 8?
7
Let l(n) = -n**3 - 6*n**2 + 5*n - 8. Suppose 0 = 2*p - 3*p - 7. Let w be 47/p - (-2)/(-7). What is the units digit of l(w)?
6
Let f(j) = j + 6. Let a be f(-6). What is the units digit of 2 - a - (-4 - 2)?
8
Let l be (-9)/4 - (-12)/48. Let q(o) be the third derivative of -o**6/120 - o**2. What is the units digit of q(l)?
8
Let g = -44 + 64. Let d = g + 2. What is the units digit of d?
2
What is the tens digit of (-12)/(38/(-16) + 2)?
3
Let a(t) = 5 - 4*t + t**2 - 5. What is the units digit of a(7)?
1
Suppose -11 = 2*s - 3*s - 4*f, f = -3*s + 33. What is the units digit of (-2*s*1)/(-2)?
1
Let z(j) = -j**3 + 4*j**2 + 3*j - 5. Let b be z(4). Let t = b - -39. What is the tens digit of t?
4
Let a be ((-20)/(-6))/(4/18). What is the units digit of (12/a)/((-2)/(-10))?
4
Let x be (-1*1)/((-2)/10). Let k(i) = i + 2. Let z be k(x). Suppose -z + 4 = -3*s. What is the units digit of s?
1
Suppose j - 22 = 2*j - 3*h, 5*j - 3*h + 62 = 0. What is the units digit of ((-5)/j)/(2/36)?
9
What is the tens digit of 29 - ((-5)/5)/(-1)?
2
Let z be ((-24)/(-6))/(-1 + -1). Let p = z - -22. What is the units digit of p?
0
Suppose 3*s = 2*g - 22 + 2, 3*s + 16 = -2*g. Let y(o) = -7*o - 10. Let b(q) = 3*q + 5. Let a(m) = -5*b(m) - 2*y(m). What is the units digit of a(s)?
1
Let y be (1 - -1)*-1 + -4. Let v(b) = -4*b - 9. What is the tens digit of v(y)?
1
Let j = 2 - -4. Suppose -5*h = 3*r - 0*h - 4, r + 4*h = j. What is the units digit of 1*2*(-7)/r?
7
Let z = 0 + 3. Suppose 4*j - 48 = -z*x + 7*x, -2*x + 25 = 5*j. What is the units digit of j?
7
Let w be (-3)/2 - 5/2. Let o be (-10)/w - (-3)/6. Suppose 4*m - 3*q = 55, o*m + 0*q - 2*q - 40 = 0. What is the units digit of m?
0
Suppose -3*s = -0*s - 21. Suppose -2*j = -5*b - j + 59, b - s = 5*j. What is the units digit of b?
2
What is the units digit of 172/36 - 5 - (-1498)/18?
3
Let t = -12 - -20. What is the tens digit of -3*(0 + -1) + t?
1
Let l(y) = y**3 + 3*y**2 - 4*y + 1. What is the units digit of l(-4)?
1
Let q(g) = -4*g - g - 8 + 0*g. What is the units digit of q(-6)?
2
Suppose 0 = -3*t + 2*t + 5. Suppose -t*v = 4*g - 99, 5*g - 43 - 6 = -3*v. What is the units digit of v?
3
Let f = 90 + -57. What is the units digit of f?
3
Suppose 4*q - 16 = 8*q, 3*q + 17 = h. What is the units digit of h?
5
Let y = -5 - -7. What is the tens digit of (-1 - -18)*(y + -1)?
1
Let l = 33 - 17. Let k = -67 - -71. Suppose -4*c + 4*d = -l, 3*d = d - k. What is the units digit of c?
2
Let s be (-4)/8 + (-7)/(-2). Suppose k = w - 7 + 2, s*k + 5*w = 25. Suppose -t = 5*j - 23, k = 3*j - 3*t + t - 19. What is the units digit of j?
5
Let p = 8 + -8. Suppose -5*q + 17 + 3 = p. What is the units digit of q?
4
Suppose 0 = -5*i, 3*j + 5 = 2*j - 3*i. Let t = j - -9. What is the units digit of t?
4
Let s = 238 - 132. What is the tens digit of s?
0
Let j(s) = 21*s - 3. Let o be j(4). Let x = o + -55. What is the tens digit of x?
2
Let k(b) = b**2 + b - 5. Let m(r) = r**2 - 9*r + 10. Let y be m(7). What is the units digit of k(y)?
7
Suppose 3*l + 5*b + 1 = -0, -b + 1 = 0. Let f(v) = -v**3 - 3*v**2 - 3*v. What is the units digit of f(l)?
2
Let b be 4/(-14) + (-18)/(-14). Suppose -4*y - b + 61 = 0. What is the units digit of (-2)/(-10) - (-42)/y?
3
Suppose -r = 5*v - 0*v - 12, -20 = -3*r + v. What is the units digit of (36/r)/((-33)/(-154))?
4
Suppose -4*w - 27 = -u + 18, -w + 35 = u. What is the units digit of u?
7
Suppose -4*y + y = 5*b + 21, -4*y - 4*b = 20. Let t be (-9)/y - 5/10. Let i = 3 + t. What is the units digit of i?
7
What is the tens digit of 275/7 + 14/(-49)?
3
Suppose n + 0*n = -2*j + 7, 0 = -5*j + 2*n + 13. Suppose -23 = -j*z + 34. What is the units digit of z?
9
Suppose 0 = -11*z + 1142 - 262. What is the units digit of z?
0
Let c be -2 - -4 - 4 - -20. Let o = c - 8. Let t = 16 - o. What is the units digit of t?
6
Suppose z = -5*c + 60, -z = -0*z - 5. Let s = 28 - c. What is the units digit of s?
7
Let n be 31/(-4) - 1/4. What is the units digit of (26/n)/(4/(-16))?
3
Let q(t) = -25*t + 2. Let z be q(-1). Suppose 4*y - 25 = z. What is the tens digit of y?
1
Let b(u) = 5*u + 13. Let q(s) = -9*s - 25. Let l(h) = 11*b(h) + 6*q(h). What is the units digit of l(9)?
2
Let p be ((-4)/(-6))/((-2)/(-3)). Let z be -1*((0 - p) + 0). Suppose -2*x - 4*h = 2, -3*h = -2*x - 6*h - z. What is the units digit of x?
1
Let j(q) be the first derivative of 2*q**3 - q**2/2 + q + 4. Let i be j(-2). Suppose -x + i = 2*x. What is the units digit of x?
9
Let t = -41 + 75. What is the units digit of t?
4
Let u be (2/(-6))/(4/(-204)). Let l = u - 7. What is the units digit of l?
0
Let c be 2469/33 - 2/(-11). Suppose -5*r - c = -10*r. What is the units digit of (80/r)/((-1)/(-3))?
6
Let c(h) = -h**2 + 12*h - 2. Let l(a) = -10*a. Let z be l(-1). Let u be c(z). Suppose 9*t + u = 11*t. What is the units digit of t?
9
Suppose -2*n - 15 = -5*n. Let j = 59 - 29. Suppose n*k + 10 - j = 0. What is the units digit of k?
4
Suppose 0 = q - 4*q + 120. Suppose -5*x = h - 84, -6*x + 4*x - 2*h + q = 0. What is the units digit of x?
6
Let s(h) = h**2 - 1. Let i be s(-1). Let a be 1*(0 - 1)*i. Suppose -t + a*p - p = -4, 0 = 2*p - 4. What is the units digit of t?
2
Let k = -7 + 16. Suppose 4*s + k = 53. What is the units digit of s?
1
Suppose -5*t - 2*i = -198, -24 = -t + 3*i + 19. What is the units digit of t?
0
Suppose 0 = -6*d + 2*d - 3*b - 3, b + 8 = d. Suppose -3*q = -a - 16, 7 - d = q + a. Suppose -3*m - 60 = -3*y, -y + q*m - 2*m = -24. What is the tens digit of y?
1
Suppose -2*f - 8 = 3*f + 2*k, k + 5 = -3*f. What is the units digit of 6/(0 - (f + 0))?
3
Suppose 0 = 4*o - 6 - 2. Suppose -2*b + 7 = -0*x + x, -b + 4*x = 1. Suppose 0 = 3*s - 2*q - 4, 3*q = b*s + o*q - 8. What is the units digit of s?
4
Suppose -5*b + 334 = 79. What is the tens digit of b?
5
Let f(i) = -i. Let d be f(2). Let v be 98/4 + (-1)/d. Let n = v - 18. What is the units digit of n?
7
Let x(g) = g**2 + 2*g - 3. Let n be x(-4). Suppose -b = 3*c + 20, -c + 3*c = b - n. What is the units digit of 3/(3 - (-14)/b)?
5
What is the tens digit of (-4 - 0) + (-14 + 0)*-11?
5
Suppose 2*m - 116 = -3*n, -n + 6*n = m + 202. Suppose 3*l + l = n. What is the tens digit of l?
1
Let a(y) = -y**2 - 5*y. Let f be a(-4). Suppose -x + f = 3*l - 0*l, 4*x = 16. Suppose -25 = 5*k, 2*i + l*i + 3*k - 11 = 0. What is the units digit of i?
3
Let p = 46 - 42. What is the units digit of p?
4
Let f(g) be the second derivative of g**6/360 + g**5/20 + g**4/4 - 2*g. Let p(o) be the third derivative of f(o). What is the tens digit of p(6)?
1
Suppose 0 = -s - 2*s. Suppose -4*i + 3*w + 10 = s, 3*i + 2*w = -i. What is the units digit of i?
1
Let h(b) = b**3 + 6*b**2 - 9*b - 4. Let n be h(-7). Suppose -o = -11 - n. What is the units digit of o?
1
Let p(x) = -49*x - 2. Let b be p(-3). Suppose 5*f + 